{"id":12,"date":"2024-02-21T16:38:21","date_gmt":"2024-02-21T15:38:21","guid":{"rendered":"http:\/\/authentikevasion.com\/Site\/?page_id=12"},"modified":"2026-03-24T16:49:33","modified_gmt":"2026-03-24T15:49:33","slug":"contact-reponses-rapides","status":"publish","type":"page","link":"https:\/\/authentikevasion.com\/Site\/index.php\/contact-reponses-rapides\/","title":{"rendered":"Contact"},"content":{"rendered":"\t\t<div data-elementor-type=\"wp-post\" data-elementor-id=\"12\" class=\"elementor elementor-12\" data-elementor-post-type=\"page\">\n\t\t\t\t<div class=\"elementor-element elementor-element-b24c25a e-flex e-con-boxed e-con e-parent\" data-id=\"b24c25a\" data-element_type=\"container\">\n\t\t\t\t\t<div class=\"e-con-inner\">\n\t\t<div class=\"elementor-element elementor-element-c5193c8 e-flex e-con-boxed e-con e-child\" data-id=\"c5193c8\" data-element_type=\"container\">\n\t\t\t\t\t<div class=\"e-con-inner\">\n\t\t\t\t<div class=\"elementor-element elementor-element-ec94e33 elementor-widget elementor-widget-spacer\" data-id=\"ec94e33\" data-element_type=\"widget\" data-widget_type=\"spacer.default\">\n\t\t\t\t<div class=\"elementor-widget-container\">\n\t\t\t\t\t\t\t<div class=\"elementor-spacer\">\n\t\t\t<div class=\"elementor-spacer-inner\"><\/div>\n\t\t<\/div>\n\t\t\t\t\t\t<\/div>\n\t\t\t\t<\/div>\n\t\t\t\t<div class=\"elementor-element elementor-element-18b8bbf elementor-widget elementor-widget-heading\" data-id=\"18b8bbf\" data-element_type=\"widget\" data-widget_type=\"heading.default\">\n\t\t\t\t<div class=\"elementor-widget-container\">\n\t\t\t\t\t<h1 class=\"elementor-heading-title elementor-size-default\">Formulaire de contact <\/h1>\t\t\t\t<\/div>\n\t\t\t\t<\/div>\n\t\t\t\t\t<\/div>\n\t\t\t\t<\/div>\n\t\t<div class=\"elementor-element elementor-element-62c0dde e-flex e-con-boxed e-con e-child\" data-id=\"62c0dde\" data-element_type=\"container\" data-settings=\"{&quot;background_background&quot;:&quot;classic&quot;}\">\n\t\t\t\t\t<div class=\"e-con-inner\">\n\t\t\t\t<div class=\"elementor-element elementor-element-5d9802a elementor-widget elementor-widget-wpforms\" data-id=\"5d9802a\" data-element_type=\"widget\" data-widget_type=\"wpforms.default\">\n\t\t\t\t<div class=\"elementor-widget-container\">\n\t\t\t\t\t<style id=\"wpforms-css-vars-root\">\n\t\t\t\t:root {\n\t\t\t\t\t--wpforms-field-border-radius: 3px;\n--wpforms-field-border-style: solid;\n--wpforms-field-border-size: 1px;\n--wpforms-field-background-color: #ffffff;\n--wpforms-field-border-color: rgba( 0, 0, 0, 0.25 );\n--wpforms-field-border-color-spare: rgba( 0, 0, 0, 0.25 );\n--wpforms-field-text-color: rgba( 0, 0, 0, 0.7 );\n--wpforms-field-menu-color: #ffffff;\n--wpforms-label-color: rgba( 0, 0, 0, 0.85 );\n--wpforms-label-sublabel-color: rgba( 0, 0, 0, 0.55 );\n--wpforms-label-error-color: #d63637;\n--wpforms-button-border-radius: 3px;\n--wpforms-button-border-style: none;\n--wpforms-button-border-size: 1px;\n--wpforms-button-background-color: #066aab;\n--wpforms-button-border-color: #066aab;\n--wpforms-button-text-color: #ffffff;\n--wpforms-page-break-color: #066aab;\n--wpforms-background-image: none;\n--wpforms-background-position: center center;\n--wpforms-background-repeat: no-repeat;\n--wpforms-background-size: cover;\n--wpforms-background-width: 100px;\n--wpforms-background-height: 100px;\n--wpforms-background-color: rgba( 0, 0, 0, 0 );\n--wpforms-background-url: none;\n--wpforms-container-padding: 0px;\n--wpforms-container-border-style: none;\n--wpforms-container-border-width: 1px;\n--wpforms-container-border-color: #000000;\n--wpforms-container-border-radius: 3px;\n--wpforms-field-size-input-height: 43px;\n--wpforms-field-size-input-spacing: 15px;\n--wpforms-field-size-font-size: 16px;\n--wpforms-field-size-line-height: 19px;\n--wpforms-field-size-padding-h: 14px;\n--wpforms-field-size-checkbox-size: 16px;\n--wpforms-field-size-sublabel-spacing: 5px;\n--wpforms-field-size-icon-size: 1;\n--wpforms-label-size-font-size: 16px;\n--wpforms-label-size-line-height: 19px;\n--wpforms-label-size-sublabel-font-size: 14px;\n--wpforms-label-size-sublabel-line-height: 17px;\n--wpforms-button-size-font-size: 17px;\n--wpforms-button-size-height: 41px;\n--wpforms-button-size-padding-h: 15px;\n--wpforms-button-size-margin-top: 10px;\n--wpforms-container-shadow-size-box-shadow: none;\n\n\t\t\t\t}\n\t\t\t<\/style><style id=\"wpforms-css-vars-elementor-widget-5d9802a\">\n\t\t\t\t.elementor-widget-wpforms.elementor-element-5d9802a {\n\t\t\t\t\t--wpforms-field-background-color: #F7F7F7;\n--wpforms-field-border-color: #000000;\n--wpforms-field-border-color-spare: #000000;\n--wpforms-field-text-color: #050000;\n--wpforms-field-border-radius: 5px;\n--wpforms-field-size-input-height: 50px;\n--wpforms-field-size-input-spacing: 20px;\n--wpforms-field-size-font-size: 18px;\n--wpforms-field-size-line-height: 21px;\n--wpforms-field-size-padding-h: 14px;\n--wpforms-field-size-checkbox-size: 18px;\n--wpforms-field-size-sublabel-spacing: 10px;\n--wpforms-field-size-icon-size: 1.25;\n--wpforms-label-size-font-size: 16px;\n--wpforms-label-size-line-height: 19px;\n--wpforms-label-size-sublabel-font-size: 14px;\n--wpforms-label-size-sublabel-line-height: 17px;\n--wpforms-button-size-font-size: 17px;\n--wpforms-button-size-height: 41px;\n--wpforms-button-size-padding-h: 15px;\n--wpforms-button-size-margin-top: 10px;\n\n\t\t\t\t}\n\t\t\t<\/style><div class=\"wpforms-container wpforms-container-full wpforms-render-modern\" id=\"wpforms-130\"><form id=\"wpforms-form-130\" class=\"wpforms-validate wpforms-form wpforms-ajax-form\" data-formid=\"130\" method=\"post\" enctype=\"multipart\/form-data\" action=\"\/Site\/index.php\/wp-json\/wp\/v2\/pages\/12\" data-token=\"adbf7da0550c51dc3a9f9c95f221d498\" data-token-time=\"1777506589\"><noscript class=\"wpforms-error-noscript\">Veuillez activer JavaScript dans votre navigateur pour remplir ce formulaire.<\/noscript><div class=\"wpforms-hidden\" id=\"wpforms-error-noscript\">Veuillez activer JavaScript dans votre navigateur pour remplir ce formulaire.<\/div><div class=\"wpforms-field-container\"><div id=\"wpforms-130-field_0-container\" class=\"wpforms-field wpforms-field-name\" data-field-id=\"0\"><fieldset><legend class=\"wpforms-field-label\">Nom <span class=\"wpforms-required-label\" aria-hidden=\"true\">*<\/span><\/legend><div class=\"wpforms-field-row wpforms-field-large\"><div class=\"wpforms-field-row-block wpforms-first wpforms-one-half\"><input type=\"text\" id=\"wpforms-130-field_0\" class=\"wpforms-field-name-first wpforms-field-required\" name=\"wpforms[fields][0][first]\" aria-errormessage=\"wpforms-130-field_0-error\" required><label for=\"wpforms-130-field_0\" class=\"wpforms-field-sublabel after\">Pr\u00e9nom<\/label><\/div><div class=\"wpforms-field-row-block wpforms-one-half\"><input type=\"text\" id=\"wpforms-130-field_0-last\" class=\"wpforms-field-name-last wpforms-field-required\" name=\"wpforms[fields][0][last]\" aria-errormessage=\"wpforms-130-field_0-last-error\" required><label for=\"wpforms-130-field_0-last\" class=\"wpforms-field-sublabel after\">Nom<\/label><\/div><\/div><\/fieldset><\/div><div id=\"wpforms-130-field_3-container\" class=\"wpforms-field wpforms-field-text\" data-field-id=\"3\"><label class=\"wpforms-field-label\" for=\"wpforms-130-field_3\">Num\u00e9ro de t\u00e9l\u00e9phone <span class=\"wpforms-required-label\" aria-hidden=\"true\">*<\/span><\/label><input type=\"text\" id=\"wpforms-130-field_3\" class=\"wpforms-field-large wpforms-field-required wpforms-limit-characters-enabled\" data-form-id=\"130\" data-field-id=\"3\" data-text-limit=\"10\" name=\"wpforms[fields][3]\" aria-errormessage=\"wpforms-130-field_3-error\" maxlength=\"10\" required><\/div><div id=\"wpforms-130-field_1-container\" class=\"wpforms-field wpforms-field-email\" data-field-id=\"1\"><label class=\"wpforms-field-label\" for=\"wpforms-130-field_1\">E-mail <span class=\"wpforms-required-label\" aria-hidden=\"true\">*<\/span><\/label><input type=\"email\" id=\"wpforms-130-field_1\" class=\"wpforms-field-large wpforms-field-required\" name=\"wpforms[fields][1]\" spellcheck=\"false\" aria-errormessage=\"wpforms-130-field_1-error\" required><\/div><div id=\"wpforms-130-field_6-container\" class=\"wpforms-field wpforms-field-select wpforms-field-select-style-classic\" data-field-id=\"6\"><label class=\"wpforms-field-label\" for=\"wpforms-130-field_6\">Demande <\/label><select id=\"wpforms-130-field_6\" class=\"wpforms-field-medium\" name=\"wpforms[fields][6]\"><option value=\"Contact\" >Contact<\/option><option value=\"S\u00e9minaire\" >S\u00e9minaire<\/option><option value=\"Int\u00e9grations\" >Int\u00e9grations<\/option><option value=\"Base de loisirs\" >Base de loisirs<\/option><option value=\"S\u00e9jours\" >S\u00e9jours<\/option><option value=\"Balade en v\u00e9lo\" >Balade en v\u00e9lo<\/option><\/select><\/div><div id=\"wpforms-130-field_8-container\" class=\"wpforms-field wpforms-field-textarea\" data-field-id=\"8\"><label class=\"wpforms-field-label\" for=\"wpforms-130-field_8\">Message <span class=\"wpforms-required-label\" aria-hidden=\"true\">*<\/span><\/label><textarea id=\"wpforms-130-field_8\" class=\"wpforms-field-medium wpforms-field-required\" name=\"wpforms[fields][8]\" aria-errormessage=\"wpforms-130-field_8-error\" required><\/textarea><\/div><\/div><!-- .wpforms-field-container --><div class=\"wpforms-submit-container\" ><input type=\"hidden\" name=\"wpforms[id]\" value=\"130\"><input type=\"hidden\" name=\"page_title\" value=\"\"><input type=\"hidden\" name=\"page_url\" value=\"https:\/\/authentikevasion.com\/Site\/index.php\/wp-json\/wp\/v2\/pages\/12\"><button type=\"submit\" name=\"wpforms[submit]\" id=\"wpforms-submit-130\" class=\"wpforms-submit\" data-alt-text=\"Envoi...\" data-submit-text=\"Envoyer\" aria-live=\"assertive\" value=\"wpforms-submit\">Envoyer<\/button><img decoding=\"async\" src=\"https:\/\/authentikevasion.com\/Site\/wp-content\/plugins\/wpforms-lite\/assets\/images\/submit-spin.svg\" class=\"wpforms-submit-spinner\" style=\"display: none;\" width=\"26\" height=\"26\" alt=\"Chargement en cours\"><\/div><\/form><\/div>  <!-- .wpforms-container -->\t\t\t\t<\/div>\n\t\t\t\t<\/div>\n\t\t\t\t\t<\/div>\n\t\t\t\t<\/div>\n\t\t\t\t\t<\/div>\n\t\t\t\t<\/div>\n\t\t<div class=\"elementor-element elementor-element-b3b7018 e-flex e-con-boxed e-con e-parent\" data-id=\"b3b7018\" data-element_type=\"container\">\n\t\t\t\t\t<div class=\"e-con-inner\">\n\t\t\t\t<div class=\"elementor-element elementor-element-26aaaf0 elementor-widget elementor-widget-spacer\" data-id=\"26aaaf0\" data-element_type=\"widget\" data-widget_type=\"spacer.default\">\n\t\t\t\t<div class=\"elementor-widget-container\">\n\t\t\t\t\t\t\t<div class=\"elementor-spacer\">\n\t\t\t<div class=\"elementor-spacer-inner\"><\/div>\n\t\t<\/div>\n\t\t\t\t\t\t<\/div>\n\t\t\t\t<\/div>\n\t\t\t\t\t<\/div>\n\t\t\t\t<\/div>\n\t\t\t\t<\/div>\n\t\t","protected":false},"excerpt":{"rendered":"<p>Formulaire de contact Veuillez activer JavaScript dans votre navigateur pour remplir ce formulaire.Veuillez activer JavaScript dans votre navigateur pour remplir ce formulaire. Nom * Pr\u00e9nomNom Num\u00e9ro de t\u00e9l\u00e9phone *E-mail *Demande ContactS\u00e9minaireInt\u00e9grationsBase de loisirsS\u00e9joursBalade en v\u00e9loMessage * Envoyer<\/p>\n","protected":false},"author":1,"featured_media":0,"parent":0,"menu_order":0,"comment_status":"closed","ping_status":"closed","template":"","meta":{"om_disable_all_campaigns":false,"_monsterinsights_skip_tracking":false,"_monsterinsights_sitenote_active":false,"_monsterinsights_sitenote_note":"","_monsterinsights_sitenote_category":0,"_uf_show_specific_survey":0,"_uf_disable_surveys":false,"footnotes":""},"class_list":["post-12","page","type-page","status-publish","hentry"],"yoast_head":"<!-- This site is optimized with the Yoast SEO plugin v24.1 - https:\/\/yoast.com\/wordpress\/plugins\/seo\/ -->\n<title>Contactez Notre Association pour des R\u00e9ponses Rapide et Pr\u00e9cise<\/title>\n<meta name=\"description\" content=\"Besoin d&#039;informations sur notre association? Contactez nous d\u00e8s maintenant! Nous r\u00e9pondrons rapidement \u00e0 toutes vous question .\" \/>\n<meta name=\"robots\" content=\"index, follow, max-snippet:-1, max-image-preview:large, max-video-preview:-1\" \/>\n<link rel=\"canonical\" href=\"http:\/\/authentikevasion.com\/Site\/index.php\/contact-reponses-rapides\/\" \/>\n<meta property=\"og:locale\" content=\"fr_FR\" \/>\n<meta property=\"og:type\" content=\"article\" \/>\n<meta property=\"og:title\" content=\"Contactez Notre Association pour des R\u00e9ponses Rapide et Pr\u00e9cise\" \/>\n<meta property=\"og:description\" content=\"Besoin d&#039;informations sur notre association? Contactez nous d\u00e8s maintenant! Nous r\u00e9pondrons rapidement \u00e0 toutes vous question .\" \/>\n<meta property=\"og:url\" content=\"http:\/\/authentikevasion.com\/Site\/index.php\/contact-reponses-rapides\/\" \/>\n<meta property=\"og:site_name\" content=\"Authenti&#039;k Evasion\" \/>\n<meta property=\"article:modified_time\" content=\"2026-03-24T15:49:33+00:00\" \/>\n<meta property=\"og:image\" content=\"https:\/\/authentikevasion.com\/Site\/wp-content\/plugins\/wpforms-lite\/assets\/images\/submit-spin.svg\" \/>\n<meta name=\"twitter:card\" content=\"summary_large_image\" \/>\n<meta name=\"twitter:label1\" content=\"Dur\u00e9e de lecture estim\u00e9e\" \/>\n\t<meta name=\"twitter:data1\" content=\"1 minute\" \/>\n<script type=\"application\/ld+json\" class=\"yoast-schema-graph\">{\"@context\":\"https:\/\/schema.org\",\"@graph\":[{\"@type\":\"WebPage\",\"@id\":\"http:\/\/authentikevasion.com\/Site\/index.php\/contact-reponses-rapides\/\",\"url\":\"http:\/\/authentikevasion.com\/Site\/index.php\/contact-reponses-rapides\/\",\"name\":\"Contactez Notre Association pour des R\u00e9ponses Rapide et Pr\u00e9cise\",\"isPartOf\":{\"@id\":\"http:\/\/authentikevasion.com\/Site\/#website\"},\"primaryImageOfPage\":{\"@id\":\"http:\/\/authentikevasion.com\/Site\/index.php\/contact-reponses-rapides\/#primaryimage\"},\"image\":{\"@id\":\"http:\/\/authentikevasion.com\/Site\/index.php\/contact-reponses-rapides\/#primaryimage\"},\"thumbnailUrl\":\"https:\/\/authentikevasion.com\/Site\/wp-content\/plugins\/wpforms-lite\/assets\/images\/submit-spin.svg\",\"datePublished\":\"2024-02-21T15:38:21+00:00\",\"dateModified\":\"2026-03-24T15:49:33+00:00\",\"description\":\"Besoin d'informations sur notre association? Contactez nous d\u00e8s maintenant! Nous r\u00e9pondrons rapidement \u00e0 toutes vous question .\",\"breadcrumb\":{\"@id\":\"http:\/\/authentikevasion.com\/Site\/index.php\/contact-reponses-rapides\/#breadcrumb\"},\"inLanguage\":\"fr-FR\",\"potentialAction\":[{\"@type\":\"ReadAction\",\"target\":[\"http:\/\/authentikevasion.com\/Site\/index.php\/contact-reponses-rapides\/\"]}]},{\"@type\":\"ImageObject\",\"inLanguage\":\"fr-FR\",\"@id\":\"http:\/\/authentikevasion.com\/Site\/index.php\/contact-reponses-rapides\/#primaryimage\",\"url\":\"https:\/\/authentikevasion.com\/Site\/wp-content\/plugins\/wpforms-lite\/assets\/images\/submit-spin.svg\",\"contentUrl\":\"https:\/\/authentikevasion.com\/Site\/wp-content\/plugins\/wpforms-lite\/assets\/images\/submit-spin.svg\"},{\"@type\":\"BreadcrumbList\",\"@id\":\"http:\/\/authentikevasion.com\/Site\/index.php\/contact-reponses-rapides\/#breadcrumb\",\"itemListElement\":[{\"@type\":\"ListItem\",\"position\":1,\"name\":\"Accueil\",\"item\":\"http:\/\/authentikevasion.com\/Site\/\"},{\"@type\":\"ListItem\",\"position\":2,\"name\":\"Contact\"}]},{\"@type\":\"WebSite\",\"@id\":\"http:\/\/authentikevasion.com\/Site\/#website\",\"url\":\"http:\/\/authentikevasion.com\/Site\/\",\"name\":\"Authenti&#039;k Evasion\",\"description\":\"Oser l&#039;aventure\",\"publisher\":{\"@id\":\"http:\/\/authentikevasion.com\/Site\/#organization\"},\"potentialAction\":[{\"@type\":\"SearchAction\",\"target\":{\"@type\":\"EntryPoint\",\"urlTemplate\":\"http:\/\/authentikevasion.com\/Site\/?s={search_term_string}\"},\"query-input\":{\"@type\":\"PropertyValueSpecification\",\"valueRequired\":true,\"valueName\":\"search_term_string\"}}],\"inLanguage\":\"fr-FR\"},{\"@type\":\"Organization\",\"@id\":\"http:\/\/authentikevasion.com\/Site\/#organization\",\"name\":\"Authenti&#039;k Evasion\",\"url\":\"http:\/\/authentikevasion.com\/Site\/\",\"logo\":{\"@type\":\"ImageObject\",\"inLanguage\":\"fr-FR\",\"@id\":\"http:\/\/authentikevasion.com\/Site\/#\/schema\/logo\/image\/\",\"url\":\"https:\/\/i0.wp.com\/authentikevasion.com\/Site\/wp-content\/uploads\/2024\/02\/LogoAEbg.png?fit=200%2C200&ssl=1\",\"contentUrl\":\"https:\/\/i0.wp.com\/authentikevasion.com\/Site\/wp-content\/uploads\/2024\/02\/LogoAEbg.png?fit=200%2C200&ssl=1\",\"width\":200,\"height\":200,\"caption\":\"Authenti&#039;k Evasion\"},\"image\":{\"@id\":\"http:\/\/authentikevasion.com\/Site\/#\/schema\/logo\/image\/\"}}]}<\/script>\n<!-- \/ Yoast SEO plugin. -->","yoast_head_json":{"title":"Contactez Notre Association pour des R\u00e9ponses Rapide et Pr\u00e9cise","description":"Besoin d'informations sur notre association? Contactez nous d\u00e8s maintenant! Nous r\u00e9pondrons rapidement \u00e0 toutes vous question .","robots":{"index":"index","follow":"follow","max-snippet":"max-snippet:-1","max-image-preview":"max-image-preview:large","max-video-preview":"max-video-preview:-1"},"canonical":"http:\/\/authentikevasion.com\/Site\/index.php\/contact-reponses-rapides\/","og_locale":"fr_FR","og_type":"article","og_title":"Contactez Notre Association pour des R\u00e9ponses Rapide et Pr\u00e9cise","og_description":"Besoin d'informations sur notre association? Contactez nous d\u00e8s maintenant! Nous r\u00e9pondrons rapidement \u00e0 toutes vous question .","og_url":"http:\/\/authentikevasion.com\/Site\/index.php\/contact-reponses-rapides\/","og_site_name":"Authenti&#039;k Evasion","article_modified_time":"2026-03-24T15:49:33+00:00","og_image":[{"url":"https:\/\/authentikevasion.com\/Site\/wp-content\/plugins\/wpforms-lite\/assets\/images\/submit-spin.svg","type":"","width":"","height":""}],"twitter_card":"summary_large_image","twitter_misc":{"Dur\u00e9e de lecture estim\u00e9e":"1 minute"},"schema":{"@context":"https:\/\/schema.org","@graph":[{"@type":"WebPage","@id":"http:\/\/authentikevasion.com\/Site\/index.php\/contact-reponses-rapides\/","url":"http:\/\/authentikevasion.com\/Site\/index.php\/contact-reponses-rapides\/","name":"Contactez Notre Association pour des R\u00e9ponses Rapide et Pr\u00e9cise","isPartOf":{"@id":"http:\/\/authentikevasion.com\/Site\/#website"},"primaryImageOfPage":{"@id":"http:\/\/authentikevasion.com\/Site\/index.php\/contact-reponses-rapides\/#primaryimage"},"image":{"@id":"http:\/\/authentikevasion.com\/Site\/index.php\/contact-reponses-rapides\/#primaryimage"},"thumbnailUrl":"https:\/\/authentikevasion.com\/Site\/wp-content\/plugins\/wpforms-lite\/assets\/images\/submit-spin.svg","datePublished":"2024-02-21T15:38:21+00:00","dateModified":"2026-03-24T15:49:33+00:00","description":"Besoin d'informations sur notre association? Contactez nous d\u00e8s maintenant! Nous r\u00e9pondrons rapidement \u00e0 toutes vous question .","breadcrumb":{"@id":"http:\/\/authentikevasion.com\/Site\/index.php\/contact-reponses-rapides\/#breadcrumb"},"inLanguage":"fr-FR","potentialAction":[{"@type":"ReadAction","target":["http:\/\/authentikevasion.com\/Site\/index.php\/contact-reponses-rapides\/"]}]},{"@type":"ImageObject","inLanguage":"fr-FR","@id":"http:\/\/authentikevasion.com\/Site\/index.php\/contact-reponses-rapides\/#primaryimage","url":"https:\/\/authentikevasion.com\/Site\/wp-content\/plugins\/wpforms-lite\/assets\/images\/submit-spin.svg","contentUrl":"https:\/\/authentikevasion.com\/Site\/wp-content\/plugins\/wpforms-lite\/assets\/images\/submit-spin.svg"},{"@type":"BreadcrumbList","@id":"http:\/\/authentikevasion.com\/Site\/index.php\/contact-reponses-rapides\/#breadcrumb","itemListElement":[{"@type":"ListItem","position":1,"name":"Accueil","item":"http:\/\/authentikevasion.com\/Site\/"},{"@type":"ListItem","position":2,"name":"Contact"}]},{"@type":"WebSite","@id":"http:\/\/authentikevasion.com\/Site\/#website","url":"http:\/\/authentikevasion.com\/Site\/","name":"Authenti&#039;k Evasion","description":"Oser l&#039;aventure","publisher":{"@id":"http:\/\/authentikevasion.com\/Site\/#organization"},"potentialAction":[{"@type":"SearchAction","target":{"@type":"EntryPoint","urlTemplate":"http:\/\/authentikevasion.com\/Site\/?s={search_term_string}"},"query-input":{"@type":"PropertyValueSpecification","valueRequired":true,"valueName":"search_term_string"}}],"inLanguage":"fr-FR"},{"@type":"Organization","@id":"http:\/\/authentikevasion.com\/Site\/#organization","name":"Authenti&#039;k Evasion","url":"http:\/\/authentikevasion.com\/Site\/","logo":{"@type":"ImageObject","inLanguage":"fr-FR","@id":"http:\/\/authentikevasion.com\/Site\/#\/schema\/logo\/image\/","url":"https:\/\/i0.wp.com\/authentikevasion.com\/Site\/wp-content\/uploads\/2024\/02\/LogoAEbg.png?fit=200%2C200&ssl=1","contentUrl":"https:\/\/i0.wp.com\/authentikevasion.com\/Site\/wp-content\/uploads\/2024\/02\/LogoAEbg.png?fit=200%2C200&ssl=1","width":200,"height":200,"caption":"Authenti&#039;k Evasion"},"image":{"@id":"http:\/\/authentikevasion.com\/Site\/#\/schema\/logo\/image\/"}}]}},"jetpack_sharing_enabled":true,"_links":{"self":[{"href":"https:\/\/authentikevasion.com\/Site\/index.php\/wp-json\/wp\/v2\/pages\/12","targetHints":{"allow":["GET"]}}],"collection":[{"href":"https:\/\/authentikevasion.com\/Site\/index.php\/wp-json\/wp\/v2\/pages"}],"about":[{"href":"https:\/\/authentikevasion.com\/Site\/index.php\/wp-json\/wp\/v2\/types\/page"}],"author":[{"embeddable":true,"href":"https:\/\/authentikevasion.com\/Site\/index.php\/wp-json\/wp\/v2\/users\/1"}],"replies":[{"embeddable":true,"href":"https:\/\/authentikevasion.com\/Site\/index.php\/wp-json\/wp\/v2\/comments?post=12"}],"version-history":[{"count":74,"href":"https:\/\/authentikevasion.com\/Site\/index.php\/wp-json\/wp\/v2\/pages\/12\/revisions"}],"predecessor-version":[{"id":1985,"href":"https:\/\/authentikevasion.com\/Site\/index.php\/wp-json\/wp\/v2\/pages\/12\/revisions\/1985"}],"wp:attachment":[{"href":"https:\/\/authentikevasion.com\/Site\/index.php\/wp-json\/wp\/v2\/media?parent=12"}],"curies":[{"name":"wp","href":"https:\/\/api.w.org\/{rel}","templated":true}]}}